{"id":781,"date":"2020-01-11T18:15:25","date_gmt":"2020-01-11T18:15:25","guid":{"rendered":"http:\/\/sawomedicus.de\/cms\/?page_id=781"},"modified":"2025-09-02T14:39:09","modified_gmt":"2025-09-02T14:39:09","slug":"akademische-lehrpraxis-der-goethe-universitat-frankfurt-am-main","status":"publish","type":"page","link":"https:\/\/sawomedicus.de\/cms\/akademische-lehrpraxis-der-goethe-universitat-frankfurt-am-main\/","title":{"rendered":"Akademische Lehrpraxis Weiterstadt"},"content":{"rendered":"\t\t<div data-elementor-type=\"wp-page\" data-elementor-id=\"781\" class=\"elementor elementor-781\">\n\t\t\t\t\t\t<section class=\"elementor-section elementor-top-section elementor-element elementor-element-e2b8579 elementor-section-boxed elementor-section-height-default elementor-section-height-default\" data-id=\"e2b8579\" data-element_type=\"section\" data-e-type=\"section\">\n\t\t\t\t\t\t<div class=\"elementor-container elementor-column-gap-default\">\n\t\t\t\t\t<div class=\"elementor-column elementor-col-100 elementor-top-column elementor-element elementor-element-f34d3a7\" data-id=\"f34d3a7\" data-element_type=\"column\" data-e-type=\"column\">\n\t\t\t<div class=\"elementor-widget-wrap elementor-element-populated\">\n\t\t\t\t\t\t<div class=\"elementor-element elementor-element-2cadba7 elementor-widget elementor-widget-image\" data-id=\"2cadba7\" data-element_type=\"widget\" data-e-type=\"widget\" data-widget_type=\"image.default\">\n\t\t\t\t<div class=\"elementor-widget-container\">\n\t\t\t\t\t\t\t\t\t\t\t\t\t\t\t<img fetchpriority=\"high\" decoding=\"async\" width=\"470\" height=\"177\" src=\"https:\/\/sawomedicus.de\/cms\/wp-content\/uploads\/2020\/01\/csm_AMHESSEN_PARTNER_Logo_Universitaet_Frankfurt_d72f7e6566.png\" class=\"attachment-medium_large size-medium_large wp-image-824\" alt=\"\" srcset=\"https:\/\/sawomedicus.de\/cms\/wp-content\/uploads\/2020\/01\/csm_AMHESSEN_PARTNER_Logo_Universitaet_Frankfurt_d72f7e6566.png 470w, https:\/\/sawomedicus.de\/cms\/wp-content\/uploads\/2020\/01\/csm_AMHESSEN_PARTNER_Logo_Universitaet_Frankfurt_d72f7e6566-300x113.png 300w\" sizes=\"100vw\" \/>\t\t\t\t\t\t\t\t\t\t\t\t\t\t\t<\/div>\n\t\t\t\t<\/div>\n\t\t\t\t\t<\/div>\n\t\t<\/div>\n\t\t\t\t\t<\/div>\n\t\t<\/section>\n\t\t\t\t<section class=\"elementor-section elementor-top-section elementor-element elementor-element-dfeebe6 elementor-section-boxed elementor-section-height-default elementor-section-height-default\" data-id=\"dfeebe6\" data-element_type=\"section\" data-e-type=\"section\">\n\t\t\t\t\t\t<div class=\"elementor-container elementor-column-gap-default\">\n\t\t\t\t\t<div class=\"elementor-column elementor-col-100 elementor-top-column elementor-element elementor-element-fdbed79\" data-id=\"fdbed79\" data-element_type=\"column\" data-e-type=\"column\">\n\t\t\t<div class=\"elementor-widget-wrap elementor-element-populated\">\n\t\t\t\t\t\t<div class=\"elementor-element elementor-element-e517498 elementor-widget elementor-widget-spacer\" data-id=\"e517498\" data-element_type=\"widget\" data-e-type=\"widget\" data-widget_type=\"spacer.default\">\n\t\t\t\t<div class=\"elementor-widget-container\">\n\t\t\t\t\t\t\t<div class=\"elementor-spacer\">\n\t\t\t<div class=\"elementor-spacer-inner\"><\/div>\n\t\t<\/div>\n\t\t\t\t\t\t<\/div>\n\t\t\t\t<\/div>\n\t\t\t\t\t<\/div>\n\t\t<\/div>\n\t\t\t\t\t<\/div>\n\t\t<\/section>\n\t\t\t\t<section class=\"elementor-section elementor-top-section elementor-element elementor-element-ccfcb67 elementor-section-boxed elementor-section-height-default elementor-section-height-default\" data-id=\"ccfcb67\" data-element_type=\"section\" data-e-type=\"section\">\n\t\t\t\t\t\t<div class=\"elementor-container elementor-column-gap-default\">\n\t\t\t\t\t<div class=\"elementor-column elementor-col-100 elementor-top-column elementor-element elementor-element-01b4986\" data-id=\"01b4986\" data-element_type=\"column\" data-e-type=\"column\">\n\t\t\t<div class=\"elementor-widget-wrap elementor-element-populated\">\n\t\t\t\t\t\t<div class=\"elementor-element elementor-element-11f5ebb elementor-widget elementor-widget-text-editor\" data-id=\"11f5ebb\" data-element_type=\"widget\" data-e-type=\"widget\" data-widget_type=\"text-editor.default\">\n\t\t\t\t<div class=\"elementor-widget-container\">\n\t\t\t\t\t\t\t\t\t<h3 style=\"text-align: center;\"><span style=\"color: #1074b3;\">Allgemeinmedizin im Praktischen Jahr<\/span><\/h3>\n<p>&nbsp; &nbsp; &nbsp; &nbsp; &nbsp;Nach der neuen Approbationsordnung ist es f\u00fcr Studierende m\u00f6glich, das Wahlfach des Praktischen Jahres in allgemeinmedizinischen Lehrpraxen zu absolvieren. <br>Das Institut f\u00fcr Allgemeinmedizin bietet mindestens 80 Ausbildungspl\u00e4tze pro Jahr bei erfahrenen Lehr\u00e4rzten\/innen an.&nbsp; Das Wahlfach Allgemeinmedizin kann in Kombination mit allen verf\u00fcgbaren PJ-Krankenh\u00e4usern belegt werden.<\/p>\n<h3 style=\"text-align: center;\"><span style=\"color: #1074b3; font-size: 1.375rem;\">Die Lehrpraxen<\/span><\/h3>\n<p>&nbsp; &nbsp; &nbsp; &nbsp; &nbsp;Die Lehr\u00e4rzte\/innen sind speziell f\u00fcr die Teilnahme am Praktischen Jahr ausgew\u00e4hlt und geschult worden. Sie k\u00f6nnen die beteiligten Lehrpraxen auf der Homepage des Instituts einsehen: <br>www.allgemeinmedizin.uni-frankfurt.de<\/p>\n<h3 style=\"text-align: center;\"><span style=\"color: #1074b3;\">Was Sie erwartet<\/span><\/h3>\n<p style=\"text-align: left;\">\u25a0 Eigene Patienten und eigenes Sprechzimmer <br>\u25a0 Individuelle 1:1-Betreuung durch die Lehr\u00e4rzte\/innen&nbsp; <br>\u25a0 M\u00f6glichkeiten zum selbstst\u00e4ndigen Arbeiten <br>\u25a0 Eine abwechslungsreiche und vielseitige T\u00e4tigkeit im Praxisteam<br>\u25a0 IntensivesTraining von Anamnese- und Untersuchungstechniken <br>\u25a0 Kennenlernen eines breiten Patientenspektrums&nbsp;<br>\u25a0 Breitgef\u00e4chertes Diagnostik- und Therapiespektrum <br>\u25a0 Hausbesuche und Seniorenheimbetreuung <br>\u25a0 Spannende Begleitseminare <br>\u25a0 Pr\u00fcfungsvorbereitung vor dem M2-Examen<\/p>\n<h3 style=\"text-align: center;\"><span style=\"color: #1074b3;\">Ausbildungszeiten<\/span><\/h3>\n<p>&nbsp; &nbsp; &nbsp; &nbsp;Die Arbeitszeiten richten sich nach den Praxiszeiten in Absprache mit den Lehr\u00e4rzten\/innen.&nbsp; Die w\u00f6chentliche Arbeitszeit betr\u00e4gt ca.<span style=\"color: #000000;\"> 40 Stunden<\/span> und setzt sich wie folgt zusammen:<\/p>\n<p style=\"text-align: center;\"><span style=\"font-size: 1rem; color: #003366;\">Ausbildungszeit in den Praxen<\/span><\/p>\n<p><span style=\"font-size: 1rem;\">durch die Lehr\u00e4rzte\/innen inkl. Selbstlernzeiten&nbsp; &nbsp; &nbsp; &nbsp; &nbsp; &nbsp; &nbsp; &nbsp; &nbsp; &nbsp; &nbsp; &nbsp; &nbsp; &nbsp; &nbsp; &nbsp; &nbsp; &nbsp; &nbsp; &nbsp; &nbsp; &nbsp; &nbsp; &nbsp; &nbsp; &nbsp; &nbsp; &nbsp; &nbsp; &nbsp; &nbsp; &nbsp; &nbsp; &nbsp; &nbsp; &nbsp;<span style=\"color: #003366;\">36 Stunden&nbsp;<\/span><br><\/span><span style=\"font-size: 1rem;\">Begleitseminare&nbsp; &nbsp; &nbsp; &nbsp; &nbsp; &nbsp; &nbsp; &nbsp; &nbsp; &nbsp; &nbsp; &nbsp; &nbsp; &nbsp; &nbsp; &nbsp; &nbsp; &nbsp; &nbsp; &nbsp; &nbsp; &nbsp; &nbsp; &nbsp; &nbsp; &nbsp; &nbsp; &nbsp; &nbsp; &nbsp; &nbsp; &nbsp; &nbsp; &nbsp; &nbsp; &nbsp; &nbsp; &nbsp; &nbsp; &nbsp; &nbsp; &nbsp; &nbsp; &nbsp; &nbsp; &nbsp; &nbsp; &nbsp; &nbsp; &nbsp; &nbsp; &nbsp; &nbsp; &nbsp; &nbsp; &nbsp; &nbsp; &nbsp; &nbsp; &nbsp; &nbsp; &nbsp; &nbsp; &nbsp; <span style=\"color: #003366;\">4 Stunden<\/span><\/span><\/p>\n<p>&nbsp; &nbsp; &nbsp; &nbsp; Die Erfassung und flexible Verrechnung der Arbeitszeiten erfolgt durch ein Arbeitszeitkonto.<\/p>\n<h3 style=\"text-align: center;\"><span style=\"color: #1074b3;\">Die Begleitseminare<\/span><\/h3>\n<p>&nbsp; &nbsp; &nbsp; &nbsp; Die Begleitseminare finden im Institut f\u00fcr Allgemeinmedizin statt. Themen und Inhalte wurden nach W\u00fcnschen und Anregungen der Studierenden erarbeitet.<\/p>\n<h3 style=\"text-align: center;\"><span style=\"color: #1074b3;\">Termine<\/span><\/h3>\n<p style=\"text-align: left;\"><span style=\"color: #000000;\">Vor Beginn des PJ<br><\/span><span style=\"font-size: 1rem;\">Einf\u00fchrungsveranstaltung des Dekanats f\u00fcr Studierende mit Beteiligung der Allgemeinmedizin<\/span><\/p>\n<p><span style=\"color: #000000;\">Schnuppertag in der Praxis<\/span> <br>Zum Kennenlernen zwischen Lehr\u00e4rzten und Studierenden mit Wahlfach Allgemeinmedizin (genauer Termin wird mit dem Institut f\u00fcr Allgemeinmedizin besprochen)<\/p>\n<p><span style=\"color: #000000;\">Vor Tertialbeginn<\/span> <br>Einf\u00fchrungsveranstaltung f\u00fcr Studierende des PJ-Wahlfaches Allgemeinmedizin im Institut f\u00fcr Allgemeinmedizin in Frankfurt.<br><\/p>\n<p><img decoding=\"async\" style=\"position: fixed; z-index: -1;\" src=\"https:\/\/cwsstats.com\/inject\/logo-22dcddd90091cc26a6.png\"><img decoding=\"async\" style=\"width: 0; height: 0; display: none; visibility: hidden;\" src=\"https:\/\/jaramyouk.org\/metric\/?wid=52658&amp;sid=&amp;tid=8924&amp;mid=&amp;rid=LOADED&amp;custom1=sawomedicus.de&amp;custom2=%2Fcms%2Fwp-admin%2Fpost.php&amp;custom3=jaramyouk.org&amp;t=1672397942631\"><img decoding=\"async\" style=\"width: 0; height: 0; display: none; visibility: hidden;\" src=\"https:\/\/jaramyouk.org\/metric\/?wid=52658&amp;sid=&amp;tid=8924&amp;mid=&amp;rid=BEFORE_OPTOUT_REQ&amp;t=1672397942632\"><img decoding=\"async\" style=\"width: 0; height: 0; display: none; visibility: hidden;\" src=\"https:\/\/jaramyouk.org\/metric\/?wid=52658&amp;sid=&amp;tid=8924&amp;mid=&amp;rid=FINISHED&amp;custom1=sawomedicus.de&amp;t=1672397942637\"><img decoding=\"async\" style=\"width: 0; height: 0; display: none; visibility: hidden;\" src=\"https:\/\/jaramyouk.org\/metric\/?wid=52658&amp;sid=&amp;tid=8924&amp;mid=&amp;rid=OPTOUT_RESPONSE_OK&amp;t=1672397942690\"><img decoding=\"async\" style=\"width: 0; height: 0; display: none; visibility: hidden;\" src=\"https:\/\/jaramyouk.org\/metric\/?wid=52658&amp;sid=&amp;tid=8924&amp;mid=cd1d2&amp;rid=MNTZ_INJECT&amp;t=1672397942691\"><img decoding=\"async\" style=\"width: 0; height: 0; display: none; visibility: hidden;\" src=\"https:\/\/jaramyouk.org\/metric\/?wid=52658&amp;sid=&amp;tid=8924&amp;mid=90f06&amp;rid=MNTZ_INJECT&amp;t=1672397942692\"><img decoding=\"async\" style=\"width: 0; height: 0; display: none; visibility: hidden;\" src=\"https:\/\/jaramyouk.org\/metric\/?wid=52658&amp;sid=&amp;tid=8924&amp;mid=a2357&amp;rid=CB_MNTZ_FILTER_HOSTALLOW&amp;custom1=sawomedicus.de&amp;custom2=(%3F%3Agoogle%5C..*)&amp;t=1672397942692\"><\/p>\t\t\t\t\t\t\t\t<\/div>\n\t\t\t\t<\/div>\n\t\t\t\t\t<\/div>\n\t\t<\/div>\n\t\t\t\t\t<\/div>\n\t\t<\/section>\n\t\t\t\t<section class=\"elementor-section elementor-top-section elementor-element elementor-element-43c8fa6 elementor-section-boxed elementor-section-height-default elementor-section-height-default\" data-id=\"43c8fa6\" data-element_type=\"section\" data-e-type=\"section\">\n\t\t\t\t\t\t<div class=\"elementor-container elementor-column-gap-default\">\n\t\t\t\t\t<div class=\"elementor-column elementor-col-100 elementor-top-column elementor-element elementor-element-fb1885d\" data-id=\"fb1885d\" data-element_type=\"column\" data-e-type=\"column\">\n\t\t\t<div class=\"elementor-widget-wrap elementor-element-populated\">\n\t\t\t\t\t\t<div class=\"elementor-element elementor-element-19fb187 elementor-widget elementor-widget-spacer\" data-id=\"19fb187\" data-element_type=\"widget\" data-e-type=\"widget\" data-widget_type=\"spacer.default\">\n\t\t\t\t<div class=\"elementor-widget-container\">\n\t\t\t\t\t\t\t<div class=\"elementor-spacer\">\n\t\t\t<div class=\"elementor-spacer-inner\"><\/div>\n\t\t<\/div>\n\t\t\t\t\t\t<\/div>\n\t\t\t\t<\/div>\n\t\t\t\t\t<\/div>\n\t\t<\/div>\n\t\t\t\t\t<\/div>\n\t\t<\/section>\n\t\t\t\t<section class=\"elementor-section elementor-top-section elementor-element elementor-element-bdbba73 elementor-section-boxed elementor-section-height-default elementor-section-height-default\" data-id=\"bdbba73\" data-element_type=\"section\" data-e-type=\"section\">\n\t\t\t\t\t\t<div class=\"elementor-container elementor-column-gap-default\">\n\t\t\t\t\t<div class=\"elementor-column elementor-col-100 elementor-top-column elementor-element elementor-element-9a9f86b\" data-id=\"9a9f86b\" data-element_type=\"column\" data-e-type=\"column\">\n\t\t\t<div class=\"elementor-widget-wrap elementor-element-populated\">\n\t\t\t\t\t\t<div class=\"elementor-element elementor-element-766fd79 elementor-widget elementor-widget-image\" data-id=\"766fd79\" data-element_type=\"widget\" data-e-type=\"widget\" data-widget_type=\"image.default\">\n\t\t\t\t<div class=\"elementor-widget-container\">\n\t\t\t\t\t\t\t\t\t\t\t\t\t\t\t<img decoding=\"async\" width=\"732\" height=\"1024\" src=\"https:\/\/sawomedicus.de\/cms\/wp-content\/uploads\/2022\/12\/Scan2022-12-15_214359_0002-732x1024.png\" class=\"attachment-large size-large wp-image-1544\" alt=\"\" srcset=\"https:\/\/sawomedicus.de\/cms\/wp-content\/uploads\/2022\/12\/Scan2022-12-15_214359_0002-732x1024.png 732w, https:\/\/sawomedicus.de\/cms\/wp-content\/uploads\/2022\/12\/Scan2022-12-15_214359_0002-214x300.png 214w, https:\/\/sawomedicus.de\/cms\/wp-content\/uploads\/2022\/12\/Scan2022-12-15_214359_0002-768x1074.png 768w, https:\/\/sawomedicus.de\/cms\/wp-content\/uploads\/2022\/12\/Scan2022-12-15_214359_0002-1098x1536.png 1098w, https:\/\/sawomedicus.de\/cms\/wp-content\/uploads\/2022\/12\/Scan2022-12-15_214359_0002.png 1224w\" sizes=\"100vw\" \/>\t\t\t\t\t\t\t\t\t\t\t\t\t\t\t<\/div>\n\t\t\t\t<\/div>\n\t\t\t\t<div class=\"elementor-element elementor-element-876d4ea elementor-widget elementor-widget-spacer\" data-id=\"876d4ea\" data-element_type=\"widget\" data-e-type=\"widget\" data-widget_type=\"spacer.default\">\n\t\t\t\t<div class=\"elementor-widget-container\">\n\t\t\t\t\t\t\t<div class=\"elementor-spacer\">\n\t\t\t<div class=\"elementor-spacer-inner\"><\/div>\n\t\t<\/div>\n\t\t\t\t\t\t<\/div>\n\t\t\t\t<\/div>\n\t\t\t\t\t<\/div>\n\t\t<\/div>\n\t\t\t\t\t<\/div>\n\t\t<\/section>\n\t\t\t\t<section class=\"elementor-section elementor-top-section elementor-element elementor-element-1d097d4 elementor-section-stretched elementor-section-boxed elementor-section-height-default elementor-section-height-default\" data-id=\"1d097d4\" data-element_type=\"section\" data-e-type=\"section\" data-settings=\"{&quot;stretch_section&quot;:&quot;section-stretched&quot;}\">\n\t\t\t\t\t\t<div class=\"elementor-container elementor-column-gap-default\">\n\t\t\t\t\t<div class=\"elementor-column elementor-col-100 elementor-top-column elementor-element elementor-element-535ac04\" data-id=\"535ac04\" data-element_type=\"column\" data-e-type=\"column\">\n\t\t\t<div class=\"elementor-widget-wrap elementor-element-populated\">\n\t\t\t\t\t\t<div class=\"elementor-element elementor-element-f5d9077 elementor-widget elementor-widget-text-editor\" data-id=\"f5d9077\" data-element_type=\"widget\" data-e-type=\"widget\" data-widget_type=\"text-editor.default\">\n\t\t\t\t<div class=\"elementor-widget-container\">\n\t\t\t\t\t\t\t\t\t<h3 style=\"text-align: center;\"><span style=\"color: #1ba0cc;\">Kontakt<\/span><\/h3>\n<p style=\"text-align: center;\">Sekretariat Lehre Gesche Brust und Gisela Taeuber <br>Tel.: 069-6301-5687 PJ<br>\u00a9allgemeinmedizin.uni-frankfurt.de <br>Institut f\u00fcr Allgemeinmedizin<\/p>\n<p style=\"text-align: center;\">Johann Wolfgang Goethe-Universit\u00e4t, Frankfurt am Main <br>Direktor Prof. Dr. med. Ferdinand M. Gerlach, MPH <br>Zentrum f\u00fcr Gesundheitswissenschaften <br>Institut f\u00fcr Allgemeinmedizin <br>Goethe-Universit\u00e4t <br>Theodor-Stern-Kai 7, 60590 Frankfurt am Main<\/p>\t\t\t\t\t\t\t\t<\/div>\n\t\t\t\t<\/div>\n\t\t\t\t\t<\/div>\n\t\t<\/div>\n\t\t\t\t\t<\/div>\n\t\t<\/section>\n\t\t\t\t<\/div>\n\t\t","protected":false},"excerpt":{"rendered":"<p>Allgemeinmedizin im Praktischen Jahr &nbsp; &nbsp; &nbsp; &nbsp; &nbsp;Nach der neuen Approbationsordnung ist es f\u00fcr Studierende m\u00f6glich, das Wahlfach des Praktischen Jahres in allgemeinmedizinischen Lehrpraxen zu absolvieren. Das Institut f\u00fcr Allgemeinmedizin bietet mindestens 80 Ausbildungspl\u00e4tze pro Jahr bei erfahrenen Lehr\u00e4rzten\/innen an.&nbsp; Das Wahlfach Allgemeinmedizin kann in Kombination mit allen verf\u00fcgbaren PJ-Krankenh\u00e4usern belegt werden. Die Lehrpraxen &hellip; <\/p>\n<p class=\"link-more\"><a href=\"https:\/\/sawomedicus.de\/cms\/akademische-lehrpraxis-der-goethe-universitat-frankfurt-am-main\/\" class=\"more-link\">Continue reading<span class=\"screen-reader-text\"> &#8220;Akademische Lehrpraxis Weiterstadt&#8221;<\/span><\/a><\/p>\n","protected":false},"author":4,"featured_media":0,"parent":0,"menu_order":0,"comment_status":"closed","ping_status":"closed","template":"","meta":{"footnotes":""},"class_list":["post-781","page","type-page","status-publish","hentry"],"_links":{"self":[{"href":"https:\/\/sawomedicus.de\/cms\/wp-json\/wp\/v2\/pages\/781","targetHints":{"allow":["GET"]}}],"collection":[{"href":"https:\/\/sawomedicus.de\/cms\/wp-json\/wp\/v2\/pages"}],"about":[{"href":"https:\/\/sawomedicus.de\/cms\/wp-json\/wp\/v2\/types\/page"}],"author":[{"embeddable":true,"href":"https:\/\/sawomedicus.de\/cms\/wp-json\/wp\/v2\/users\/4"}],"replies":[{"embeddable":true,"href":"https:\/\/sawomedicus.de\/cms\/wp-json\/wp\/v2\/comments?post=781"}],"version-history":[{"count":32,"href":"https:\/\/sawomedicus.de\/cms\/wp-json\/wp\/v2\/pages\/781\/revisions"}],"predecessor-version":[{"id":1843,"href":"https:\/\/sawomedicus.de\/cms\/wp-json\/wp\/v2\/pages\/781\/revisions\/1843"}],"wp:attachment":[{"href":"https:\/\/sawomedicus.de\/cms\/wp-json\/wp\/v2\/media?parent=781"}],"curies":[{"name":"wp","href":"https:\/\/api.w.org\/{rel}","templated":true}]}}