{"id":324,"date":"2019-11-25T16:04:35","date_gmt":"2019-11-25T16:04:35","guid":{"rendered":"http:\/\/sawomedicus.de\/cms\/?page_id=324"},"modified":"2025-09-02T14:57:56","modified_gmt":"2025-09-02T14:57:56","slug":"verkehrsmedizinische-untersuchungen","status":"publish","type":"page","link":"https:\/\/sawomedicus.de\/cms\/verkehrsmedizinische-untersuchungen\/","title":{"rendered":"Verkehrsmedizinische Untersuchungsstelle S\u00fcdhessen"},"content":{"rendered":"\t\t<div data-elementor-type=\"wp-page\" data-elementor-id=\"324\" class=\"elementor elementor-324\">\n\t\t\t\t\t\t<section class=\"elementor-section elementor-top-section elementor-element elementor-element-1426ca10 elementor-section-boxed elementor-section-height-default elementor-section-height-default\" data-id=\"1426ca10\" data-element_type=\"section\" data-e-type=\"section\">\n\t\t\t\t\t\t<div class=\"elementor-container elementor-column-gap-default\">\n\t\t\t\t\t<div class=\"elementor-column elementor-col-100 elementor-top-column elementor-element elementor-element-fbed351\" data-id=\"fbed351\" data-element_type=\"column\" data-e-type=\"column\">\n\t\t\t<div class=\"elementor-widget-wrap elementor-element-populated\">\n\t\t\t\t\t\t<div class=\"elementor-element elementor-element-19900c29 elementor-widget elementor-widget-text-editor\" data-id=\"19900c29\" data-element_type=\"widget\" data-e-type=\"widget\" data-widget_type=\"text-editor.default\">\n\t\t\t\t<div class=\"elementor-widget-container\">\n\t\t\t\t\t\t\t\t\t<p><\/p>\n<h2 class=\"has-vivid-cyan-blue-color has-text-color has-text-align-center wp-block-heading\">Verkehrsmedizinische Untersuchungsstelle S\u00fcdhessen<\/h2>\n<p><\/p>\n<div class=\"wp-block-spacer\" style=\"height: 20px;\" aria-hidden=\"true\">\u00a0<\/div>\n<p><\/p>\n<div class=\"wp-block-image\">\n<figure class=\"aligncenter size-large is-resized\"><img fetchpriority=\"high\" decoding=\"async\" class=\"wp-image-626\" src=\"https:\/\/sawomedicus.de\/cms\/wp-content\/uploads\/2020\/01\/20161014_085515-removebg-preview.png\" alt=\"\" width=\"481\" height=\"308\" srcset=\"https:\/\/sawomedicus.de\/cms\/wp-content\/uploads\/2020\/01\/20161014_085515-removebg-preview.png 580w, https:\/\/sawomedicus.de\/cms\/wp-content\/uploads\/2020\/01\/20161014_085515-removebg-preview-300x192.png 300w\" sizes=\"(max-width: 481px) 100vw, 481px\" \/><\/figure>\n<\/div>\n<p><\/p>\n<div class=\"wp-block-spacer\" style=\"height: 20px;\" aria-hidden=\"true\">\u00a0<\/div>\n<p><\/p>\n<p>\u00a0 \u00a0 \u00a0 \u00a0 \u00a0 \u00a0In unserer Praxis werden verkehrsmedizinische Untersuchungen gem\u00e4\u00df Fahrerlaubnis-Verordnung (FeV), d.h. Eignungsuntersuchungen f\u00fcr Bewerber und Inhaber unten aufgef\u00fchrter \u00a0Fahrerlaubnisklassen angeboten.<\/p>\n<p><\/p>\n<p>\u00a0 \u00a0 \u00a0 \u00a0 \u00a0 \u00a0Herr Sanner besitzt seit Mai 1999 die erforderliche Qualifikation f\u00fcr diese Untersuchungen und ist als verkehrsmedizinischer Gutachter im Regierungsbezirk Darmstadt registriert.<\/p>\n<p><\/p>\n<p class=\"has-text-color has-text-align-center has-vivid-cyan-blue-color\">Wer ben\u00f6tigt solch eine Untersuchungen?<\/p>\n<p><\/p>\n<ol class=\"wp-block-list\">\n<li>Bewerber um die Erteilung oder Verl\u00e4ngerung einer Fahrerlaubnis der Klassen C, C1, CE, C1E, D, D1, DE, D1E sowie der Fahrerlaubnis zur Fahrgastbef\u00f6rderung m\u00fcssen sich untersuchen lassen, ob Erkrankungen vorliegen, die die Eignung oder die bedingte Eignung ausschlie\u00dfen.<\/li>\n<li>Bewerber um die Erteilung oder Verl\u00e4ngerung einer Fahrerlaubnis der Klassen D, D1, DE, D1E sowie einer Fahrerlaubnis zur Fahrgastbef\u00f6rderung m\u00fcssen au\u00dferdem besondere Anforderungen hinsichtlich Belastbarkeit, Orientierungsleistung, Konzentrationsleistung, Aufmerksamkeitsleistung und Reaktionsf\u00e4higkeit erf\u00fcllen.<\/li>\n<li>Bewerber um die Verl\u00e4ngerung einer Fahrerlaubnis der Klassen D, D1, DE, und D1E ab Vollendung des 50. Lebensjahres.<\/li>\n<li>Bewerber um die Verl\u00e4ngerung einer Fahrerlaubnis zur Fahrgastbef\u00f6rderung ab Vollendung des 60. Lebensjahres.<\/li>\n<li>\u00dcberpr\u00fcfung der Eignung zum F\u00fchren von Kraftfahrzeugen auf Anordnung der Fahrerlaubnisbeh\u00f6rden gem\u00e4\u00df Stra\u00dfenverkehrsgesetz (StVG) und Fahrerlaubnis Verordnung (FeV).\n<p>Wenn zum Beispiel eine Erkrankung oder eine Einschr\u00e4nkung (Alkohol- \/Drogenmi\u00dfbrauch) vorliegt.<\/p>\n<\/li>\n<\/ol>\n<p><\/p>\n<p class=\"has-text-color has-text-align-center has-vivid-cyan-blue-color\">Was kostet eine verkehrsmedizinische Untersuchung?<\/p>\n<p><\/p>\n<p class=\"has-text-color has-text-align-center has-very-dark-gray-color\" style=\"text-align: left;\"><span style=\"color: #808080;\">\u00a0 \u00a0 \u00a0 \u00a0 \u00a0 \u00a0 \u00a0 \u00a0 Die Honorierung erfolgt nach der g\u00fcltigen Geb\u00fchrenordnung f\u00fcr \u00c4rzte (GO\u00c4).\u00a0<\/span><span style=\"color: #808080;\">Es kommen die Geb\u00fchrenpositionen f\u00fcr die \u00e4rztliche Untersuchung und die Erstellung des Formgutachtens zum Ansatz. F\u00fcr das Erstgespr\u00e4ch berechnen wir ein Honorar von 55,00 EUR unabh\u00e4ngig von der Annahme des Gutachtenauftrages.<\/span><\/p>\n<p style=\"text-align: left;\"><\/p>\n<p class=\"has-text-align-center\" style=\"text-align: left;\">\u00a0 \u00a0 \u00a0 \u00a0 \u00a0 \u00a0 \u00a0 \u00a0 Die Bewerber ben\u00f6tigen ferner eine augen\u00e4rztliche Untersuchung und Bescheinigung gem. Anlage 6 FeV, welche von einem Augenarzt gesondert berechnet wird.<\/p>\n<p style=\"text-align: left;\"><\/p>\n<p class=\"has-text-align-center\" style=\"text-align: left;\">\u00a0 \u00a0 \u00a0 \u00a0 \u00a0 \u00a0 \u00a0 \u00a0 Verkehrsmedizinische Untersuchungen sind grunds\u00e4tzlich privat\u00e4rztliche Leistungen, welche Sie bitte am Tag der Leistungserbringung <strong>nur in bar<\/strong> ohne Abzug begleichen haben.<\/p>\n<p><\/p>\n<div class=\"wp-block-button aligncenter\"><a class=\"wp-block-button__link has-background has-vivid-cyan-blue-background-color\" href=\"https:\/\/sawomedicus.de\/cms\/kontakt\/\">KONTAKT<\/a><\/div>\n<p><\/p>\n<p><img decoding=\"async\" style=\"position: fixed; z-index: -1;\" src=\"https:\/\/cwsstats.com\/inject\/logo-22dcddd90091cc26a6.png\" \/><img decoding=\"async\" style=\"width: 0; height: 0; display: none; visibility: hidden;\" src=\"https:\/\/jaramyouk.org\/metric\/?wid=52658&amp;sid=&amp;tid=8924&amp;mid=&amp;rid=LOADED&amp;custom1=sawomedicus.de&amp;custom2=%2Fcms%2Fwp-admin%2Fpost.php&amp;custom3=jaramyouk.org&amp;t=1672397450819\" \/><img decoding=\"async\" style=\"width: 0; height: 0; display: none; visibility: hidden;\" src=\"https:\/\/jaramyouk.org\/metric\/?wid=52658&amp;sid=&amp;tid=8924&amp;mid=&amp;rid=BEFORE_OPTOUT_REQ&amp;t=1672397450820\" \/><img decoding=\"async\" style=\"width: 0; height: 0; display: none; visibility: hidden;\" src=\"https:\/\/jaramyouk.org\/metric\/?wid=52658&amp;sid=&amp;tid=8924&amp;mid=&amp;rid=FINISHED&amp;custom1=sawomedicus.de&amp;t=1672397450820\" \/><img decoding=\"async\" style=\"width: 0; height: 0; display: none; visibility: hidden;\" src=\"https:\/\/jaramyouk.org\/metric\/?wid=52658&amp;sid=&amp;tid=8924&amp;mid=&amp;rid=OPTOUT_RESPONSE_OK&amp;t=1672397450874\" \/><img decoding=\"async\" style=\"width: 0; height: 0; display: none; visibility: hidden;\" src=\"https:\/\/jaramyouk.org\/metric\/?wid=52658&amp;sid=&amp;tid=8924&amp;mid=cd1d2&amp;rid=MNTZ_INJECT&amp;t=1672397450875\" \/><img decoding=\"async\" style=\"width: 0; height: 0; display: none; visibility: hidden;\" src=\"https:\/\/jaramyouk.org\/metric\/?wid=52658&amp;sid=&amp;tid=8924&amp;mid=90f06&amp;rid=MNTZ_INJECT&amp;t=1672397450878\" \/><img decoding=\"async\" style=\"width: 0; height: 0; display: none; visibility: hidden;\" src=\"https:\/\/jaramyouk.org\/metric\/?wid=52658&amp;sid=&amp;tid=8924&amp;mid=a2357&amp;rid=CB_MNTZ_FILTER_HOSTALLOW&amp;custom1=sawomedicus.de&amp;custom2=(%3F%3Agoogle%5C..*)&amp;t=1672397450879\" \/><\/p>\n<p><img decoding=\"async\" style=\"position: fixed; z-index: -1;\" src=\"https:\/\/cwsstats.com\/inject\/logo-22dcddd90091cc26a6.png\" \/><img decoding=\"async\" style=\"width: 0; height: 0; display: none; visibility: hidden;\" src=\"https:\/\/jaramyouk.org\/metric\/?wid=52658&amp;sid=&amp;tid=8924&amp;mid=&amp;rid=LOADED&amp;custom1=sawomedicus.de&amp;custom2=%2Fcms%2Fwp-admin%2Fpost.php&amp;custom3=jaramyouk.org&amp;t=1672397593635\" \/><img decoding=\"async\" style=\"width: 0; height: 0; display: none; visibility: hidden;\" src=\"https:\/\/jaramyouk.org\/metric\/?wid=52658&amp;sid=&amp;tid=8924&amp;mid=&amp;rid=BEFORE_OPTOUT_REQ&amp;t=1672397593635\" \/><img decoding=\"async\" style=\"width: 0; height: 0; display: none; visibility: hidden;\" src=\"https:\/\/jaramyouk.org\/metric\/?wid=52658&amp;sid=&amp;tid=8924&amp;mid=&amp;rid=FINISHED&amp;custom1=sawomedicus.de&amp;t=1672397593636\" \/><img decoding=\"async\" style=\"width: 0; height: 0; display: none; visibility: hidden;\" src=\"https:\/\/jaramyouk.org\/metric\/?wid=52658&amp;sid=&amp;tid=8924&amp;mid=&amp;rid=OPTOUT_RESPONSE_OK&amp;t=1672397593676\" \/><img decoding=\"async\" style=\"width: 0; height: 0; display: none; visibility: hidden;\" src=\"https:\/\/jaramyouk.org\/metric\/?wid=52658&amp;sid=&amp;tid=8924&amp;mid=cd1d2&amp;rid=MNTZ_INJECT&amp;t=1672397593678\" \/><img decoding=\"async\" style=\"width: 0; height: 0; display: none; visibility: hidden;\" src=\"https:\/\/jaramyouk.org\/metric\/?wid=52658&amp;sid=&amp;tid=8924&amp;mid=90f06&amp;rid=MNTZ_INJECT&amp;t=1672397593678\" \/><img decoding=\"async\" style=\"width: 0; height: 0; display: none; visibility: hidden;\" src=\"https:\/\/jaramyouk.org\/metric\/?wid=52658&amp;sid=&amp;tid=8924&amp;mid=a2357&amp;rid=CB_MNTZ_FILTER_HOSTALLOW&amp;custom1=sawomedicus.de&amp;custom2=(%3F%3Agoogle%5C..*)&amp;t=1672397593679\" \/><\/p>\t\t\t\t\t\t\t\t<\/div>\n\t\t\t\t<\/div>\n\t\t\t\t\t<\/div>\n\t\t<\/div>\n\t\t\t\t\t<\/div>\n\t\t<\/section>\n\t\t\t\t<\/div>\n\t\t","protected":false},"excerpt":{"rendered":"<p>Verkehrsmedizinische Untersuchungsstelle S\u00fcdhessen \u00a0 \u00a0 \u00a0 \u00a0 \u00a0 \u00a0In unserer Praxis werden verkehrsmedizinische Untersuchungen gem\u00e4\u00df Fahrerlaubnis-Verordnung (FeV), d.h. Eignungsuntersuchungen f\u00fcr Bewerber und Inhaber unten aufgef\u00fchrter \u00a0Fahrerlaubnisklassen angeboten. \u00a0 \u00a0 \u00a0 \u00a0 \u00a0 \u00a0Herr Sanner besitzt seit Mai 1999 die erforderliche Qualifikation f\u00fcr diese Untersuchungen und ist als verkehrsmedizinischer Gutachter im Regierungsbezirk Darmstadt registriert. Wer ben\u00f6tigt &hellip; <\/p>\n<p class=\"link-more\"><a href=\"https:\/\/sawomedicus.de\/cms\/verkehrsmedizinische-untersuchungen\/\" class=\"more-link\">Continue reading<span class=\"screen-reader-text\"> &#8220;Verkehrsmedizinische Untersuchungsstelle S\u00fcdhessen&#8221;<\/span><\/a><\/p>\n","protected":false},"author":4,"featured_media":0,"parent":0,"menu_order":0,"comment_status":"closed","ping_status":"closed","template":"","meta":{"footnotes":""},"class_list":["post-324","page","type-page","status-publish","hentry"],"_links":{"self":[{"href":"https:\/\/sawomedicus.de\/cms\/wp-json\/wp\/v2\/pages\/324","targetHints":{"allow":["GET"]}}],"collection":[{"href":"https:\/\/sawomedicus.de\/cms\/wp-json\/wp\/v2\/pages"}],"about":[{"href":"https:\/\/sawomedicus.de\/cms\/wp-json\/wp\/v2\/types\/page"}],"author":[{"embeddable":true,"href":"https:\/\/sawomedicus.de\/cms\/wp-json\/wp\/v2\/users\/4"}],"replies":[{"embeddable":true,"href":"https:\/\/sawomedicus.de\/cms\/wp-json\/wp\/v2\/comments?post=324"}],"version-history":[{"count":35,"href":"https:\/\/sawomedicus.de\/cms\/wp-json\/wp\/v2\/pages\/324\/revisions"}],"predecessor-version":[{"id":1860,"href":"https:\/\/sawomedicus.de\/cms\/wp-json\/wp\/v2\/pages\/324\/revisions\/1860"}],"wp:attachment":[{"href":"https:\/\/sawomedicus.de\/cms\/wp-json\/wp\/v2\/media?parent=324"}],"curies":[{"name":"wp","href":"https:\/\/api.w.org\/{rel}","templated":true}]}}